9 prime?
False
Is 236491 composite?
True
Is 843816971 prime?
True
Is 35423435 a prime number?
False
Is 12890919 composite?
True
Is 19280461 a prime number?
True
Is 62033953 a prime number?
True
Is 429493 a composite number?
True
Is 4734299 prime?
True
Is 40662751 prime?
True
Is 24917993 a composite number?
True
Is 110400503 prime?
True
Is 10074137 a prime number?
False
Is 4964777 a composite number?
False
Is 1351297 a prime number?
False
Is 2025809 composite?
True
Is 88186823 a composite number?
False
Is 58374053 a prime number?
True
Is 327757 a prime number?
True
Is 125036939 a prime number?
False
Is 477209 composite?
False
Is 2587427 a prime number?
False
Is 5387803 prime?
True
Is 55413689 composite?
False
Is 44764081 a composite number?
True
Is 26707487 prime?
False
Is 77839691 composite?
False
Is 83062567 a prime number?
False
Is 7326401 a composite number?
False
Is 36790111 composite?
True
Is 11113181 a prime number?
False
Is 1754143 a prime number?
True
Is 65742319 a prime number?
True
Is 246668599 a prime number?
True
Is 812083 a prime number?
False
Is 988721 a composite number?
True
Is 7167323 composite?
False
Is 100754579 prime?
False
Is 208228907 a prime number?
True
Is 217866309 composite?
True
Is 1700513 a composite number?
False
Is 150491141 a composite number?
True
Is 5346417 composite?
True
Is 41069733 prime?
False
Is 222719633 composite?
False
Is 2868153 prime?
False
Is 1890321 composite?
True
Is 138266741 a composite number?
False
Is 111878603 a composite number?
False
Is 660019 a composite number?
True
Is 7889395 prime?
False
Is 43638817 a prime number?
True
Is 20366591 a composite number?
True
Is 5498489 composite?
True
Is 6360083 a composite number?
False
Is 15782621 a prime number?
True
Is 9956729 a composite number?
False
Is 354658673 a composite number?
False
Is 37744129 a composite number?
True
Is 1299883 composite?
True
Is 11083603 a prime number?
True
Is 7341029 a prime number?
True
Is 175321787 a prime number?
True
Is 37538497 a prime number?
True
Is 5941021 a prime number?
True
Is 50703763 a prime number?
False
Is 67685017 prime?
True
Is 15388777 a prime number?
False
Is 2072134 prime?
False
Is 112055479 composite?
False
Is 51569911 composite?
False
Is 3468589 composite?
True
Is 229635563 a composite number?
False
Is 514937413 a composite number?
False
Is 73577873 a composite number?
True
Is 111119 composite?
False
Is 6595019 composite?
True
Is 46147727 a composite number?
True
Is 15185201 a composite number?
False
Is 99177173 prime?
False
Is 155642593 prime?
False
Is 228012701 a prime number?
False
Is 54422003 prime?
True
Is 4604597 a composite number?
False
Is 1025137 a prime number?
True
Is 35768837 composite?
True
Is 151069949 a composite number?
True
Is 81788249 composite?
False
Is 27961799 a composite number?
False
Is 5931391 a composite number?
False
Is 605043739 composite?
False
Is 324448037 composite?
False
Is 338196065 composite?
True
Is 1179949 composite?
True
Is 31091531 a composite number?
True
Is 156083 composite?
True
Is 546268289 prime?
False
Is 1519477 prime?
False
Is 7491299 composite?
False
Is 25939371 a composite number?
True
Is 73913779 composite?
True
Is 115937867 a prime number?
False
Is 5167103 prime?
True
Is 9399083 composite?
False
Is 9722939 a composite number?
False
Is 9671831 a composite number?
True
Is 1702523 a composite number?
False
Is 3100463 a composite number?
False
Is 43565167 composite?
False
Is 401507 a prime number?
True
Is 3764543 a composite number?
False
Is 41735767 a composite number?
False
Is 8501011 a composite number?
False
Is 9717083 composite?
False
Is 294577819 prime?
False
Is 1752977 a prime number?
True
Is 82892743 composite?
False
Is 30787447 composite?
True
Is 1093523 composite?
True
Is 40229051 prime?
True
Is 3063799 prime?
True
Is 24639829 prime?
True
Is 5424641 prime?
True
Is 741583 a prime number?
False
Is 8805039 a prime number?
False
Is 12977677 a composite number?
True
Is 14849407 prime?
False
Is 72910499 a composite number?
True
Is 8054069 prime?
True
Is 181331417 composite?
True
Is 66411746 composite?
True
Is 339961373 prime?
True
Is 163568297 composite?
False
Is 242477003 prime?
True
Is 34078657 a composite number?
True
Is 229889479 a prime number?
True
Is 2097773 composite?
True
Is 733423 a prime number?
False
Is 1917239 a composite number?
False
Is 46678733 a prime number?
True
Is 2960071 composite?
False
Is 304510673 a composite number?
False
Is 699437 a prime number?
True
Is 113738833 composite?
True
Is 2630791 a prime number?
True
Is 6024493 a composite number?
False
Is 983063 composite?
False
Is 23640737 prime?
True
Is 7066889 composite?
True
Is 11486389 a composite number?
False
Is 9275929 prime?
False
Is 20130599 prime?
True
Is 21308827 composite?
True
Is 235440917 composite?
False
Is 1723609 a composite number?
False
Is 60258833 a composite number?
True
Is 663794107 prime?
True
Is 9008499 prime?
False
Is 905689 a prime number?
False
Is 77261 prime?
True
Is 408176915 a composite number?
True
Is 351467 a prime number?
False
Is 24339077 prime?
False
Is 557891 a prime number?
True
Is 833891 composite?
True
Is 6125363 a composite number?
False
Is 34966147 composite?
True
Is 184627 prime?
True
Is 104334799 a composite number?
False
Is 198769411 a composite number?
False
Is 73747 prime?
False
Is 207997423 a prime number?
True
Is 20504543 prime?
True
Is 1829897 composite?
True
Is 4351381 prime?
False
Is 91838639 prime?
False
Is 28547627 a composite number?
False
Is 4016917 a prime number?
True
Is 1178521 composite?
False
Is 11089087 a composite number?
False
Is 107558261 a prime number?
True
Is 19712941 a composite number?
True
Is 15796909 a prime number?
False
Is 26823619 a prime number?
True
Is 154935667 composite?
True
Is 754936883 composite?
False
Is 1368011 prime?
False
Is 59151229 composite?
True
Is 883921 composite?
False
Is 1072103 a prime number?
True
Is 108967669 a prime number?
False
Is 579473 composite?
False
Is 1592529 a prime number?
False
Is 9977341 prime?
False
Is 1708153 composite?
True
Is 9472917 a prime number?
False
Is 230149 a composite number?
False
Is 5428777 composite?
False
Is 612263293 a composite number?
False
Is 131474318 composite?
True
Is 3714391 a prime number?
True
Is 220859 composite?
False
Is 936137 composite?
True
Is 77918629 a prime number?
False
Is 9255373 a composite number?
True
Is 38332951 composite?
False
Is 45455669 prime?
False
Is 250423 a prime number?
True
Is 2216983 a prime number?
False
Is 10936399 composite?
True
Is 1225907 prime?
True
Is 72195722 prime?
False
Is 8040986 a composite number?
True
Is 661361 composite?
False
Is 45270934 a prime number?
False
Is 245033717 prime?
True
Is 660109 prime?
False
Is 476285723 a prime number?
False
Is 452547893 prime?
False
Is 11011321 a prime number?
True
Is 91864793 composite?
True
Is 4084651 prime?
True
Is 2353969 prime?
False
Is 4495541 prime?
True
Is 325877 a prime number?
True
Is 48244061 a prime number?
True
Is 106393451 a prime number?
True
Is 1817771 composite?
False
Is 328243 prime?
True
Is 1510669 composite?
False
Is 4790315 a prime number?
False
Is 115809511 a composite number?
False
Is 149166991 composite?
True
Is 123292817 a composite number?
False
Is 49329407 a composite number?
True
Is 237547 a composite number?
False
Is 19169153 a composite number?
True
Is 28673399 prime?
False
Is 2066399 a prime number?
True
Is 103942399 a prime number?
False
Is 6375517 composite?
False
Is 59689169 composite?
True
Is 9456859 a composite number?
False
Is 303773599 a composite number?
False
Is 1698409 composite?
False
Is 2055803 prime?
False
Is 1082561 a prime number?
False
Is 4346633 a prime number?
False
Is 359757407 a composite number?
False
Is 8079151 a prime number?
False
Is 1636487 prime?
False
Is 161506117 a composite number?
True
Is 158186947 a composite number?
False
Is 3049789 a composite number?
False
Is 224432174 a prime number?
False
Is 132339473 a prime number?
False
Is 386609 a composite number?
False
Is 15809921 a prime number?
True
Is 5681003 composite?
False
Is 187766185 a composite number?
True
Is 6846771 composite?
True
Is 134581 composite?
False
Is 1306673 a prime number?
False
Is 755984927 prime?
True
Is 5665103 a composite number?
True
Is 2